se -2*o = z + 92 - 93, 5*z + 3*o - 33 = 0. Calculate the highest common factor of z and 17.
1
Let y(w) = -11*w**3 + 2*w**2 + 14*w + 57. Let a be y(-3). Calculate the highest common divisor of 22 and a.
22
Let u = 33 - 31. Suppose -2*z - k + 154 = 0, -u*z = 2*k + 85 - 239. Calculate the greatest common divisor of 7 and z.
7
Let u = 19 - 27. Let g = -5 - u. Suppose -3*k - v = -k - 7, -g*k + 9 = 3*v. What is the highest common divisor of 32 and k?
4
Let m = -23 + 18. Let k(a) = -7*a**3 + 3*a**2 - 5*a - 7. Let d be k(m). Suppose 198 = -7*l + d. Calculate the highest common factor of l and 10.
10
Suppose -3*k + 420 = 4*k. Let q(d) = 4*d + 3. Let o be q(-4). Let n = 25 + o. What is the highest common divisor of k and n?
12
Let b be 32/(-3)*(-3)/2. Suppose 4*h + h - 25 = 0. Suppose 2*d + 2*z = 6*z - 4, -h*d + z = -35. Calculate the highest common divisor of d and b.
8
Let x(v) = -v**3 - 29*v**2 + 92*v - 72. Let f be x(-32). Calculate the highest common factor of f and 14.
14
Let u = 66 + -42. Suppose 0 = -k + 8*h - 21, 3*k - 21 + 24 = 4*h. What is the highest common factor of k and u?
3
Let o be -7*3/(84/(-8)). Suppose -12 = 4*d + 96. Let z = -13 - d. What is the greatest common factor of o and z?
2
Let i(k) = -7*k + 24. Let y be i(0). Calculate the highest common divisor of y and 168.
24
Let v(f) = -f**3 - 4*f**2 - f + 4. Let a be v(-3). Let d be (2 + 86)*(3 + a). Calculate the highest common divisor of d and 8.
8
Suppose -4*o - 4*b + 112 = 0, 2*o - 48 - 4 = -4*b. Calculate the greatest common divisor of o and 20.
10
Let a(k) = 6 + 5*k**2 - k**3 + 6*k**2 + 4*k**2 - 6*k - 9*k**2. Let q be a(5). Calculate the highest common divisor of 8 and q.
1
Let f(j) = j**2 + 10*j + 15. Suppose 5*t = 3*l + 22, -t + 10 = -2*l - 7. Let k be f(l). Calculate the highest common factor of k and 48.
6
Suppose 4*o = 6*o - 3*b - 2, -40 = -4*o - 3*b. Calculate the greatest common divisor of o and 35.
7
Suppose n - 25 + 14 = -3*p, p + 2*n = 7. Calculate the highest common factor of 1236 and p.
3
Let w(m) = -5*m**2 + 8*m + 9. Let g be w(-6). Let q be (-506)/6 - (-2)/6. Let z = q - g. Calculate the highest common factor of z and 54.
27
Let d be ((-36)/15)/(16/(-200)). What is the greatest common divisor of 220 and d?
10
Suppose 2 = y, 4*j - 2*j + 3*y = -72. Let s = j + 66. What is the greatest common divisor of 54 and s?
27
Suppose 3*z = 2*x - 0*x - 511, -3*z + 5*x - 508 = 0. Let r = z + 347. Calculate the highest common factor of r and 22.
22
Suppose 2*x = -3*x + 165. Let a(n) = 15*n - 439. Let y be a(30). What is the highest common divisor of y and x?
11
Suppose 5*y = -4*b - 118, -66 = 2*y + b - 20. Let l = y - -33. What is the highest common factor of l and 11?
11
Suppose 2*b - 18 = -2*b + t, 4*t + 8 = 0. Let a be 38/(-3)*(b + -16). Calculate the highest common divisor of 38 and a.
38
Suppose -17*t = -8 - 9. Let f be (t - 0)/(3/12). Calculate the highest common divisor of f and 60.
4
Let g(a) = a**3 - 3*a**2 + 21*a + 22. Let t be g(11). What is the highest common factor of 33 and t?
33
Let t = 45 - 26. Suppose z - 29 = -2*a, 4*z - 6*a - 51 = -a. Calculate the highest common factor of t and z.
19
Suppose 134 = 13*n - 74. What is the greatest common divisor of n and 12?
4
Suppose -65*n - 364 = -61*n. Let x = 157 + n. Calculate the highest common factor of x and 165.
33
Let s be 426/(-9)*(-6)/4 - 5. What is the greatest common factor of s and 374?
22
Suppose 0 = -4*d + 31 - 11. Suppose -5*k - d = -10*k. Let x(t) = 12*t**3 - t**2 + 2*t - 2. Let n be x(k). Calculate the highest common divisor of 1 and n.
1
Suppose 0 = k - 3*n - 18, -3*k + 0*n + n = -22. Let h be 38/4 + k/(-12). What is the greatest common factor of h and 18?
9
Let k = 35 - -3. Suppose -i - 15 = -110. Calculate the greatest common divisor of k and i.
19
Suppose 5*g + 2226 = 3*p + 2*g, -3*p - 4*g + 2226 = 0. What is the highest common divisor of p and 14?
14
Suppose -65 = -5*u + 5*k, 6*u - 3*u - 2*k - 40 = 0. Suppose 4 = -5*w + u. Suppose 4*p = w*p + 468. What is the highest common divisor of 26 and p?
26
Let a(g) = -42*g**3 + g + 4 - g + 44*g**3 - 9*g**2. Let d be a(6). Suppose -2*c = 2*w - 40, -3*c = w + 8 - 36. What is the greatest common factor of w and d?
16
Let x(r) = -r + 3. Let i be x(7). Let v be (2/i)/(3/6). Let q be (-465)/(-20) - v/(-4). Calculate the greatest common divisor of q and 138.
23
Let s be 18 - (8 - 27/9). Calculate the greatest common factor of 1963 and s.
13
Let a = 439 - 61. Calculate the highest common factor of a and 28.
14
Let w(i) = i**2 - 19*i - 134. Let l be w(26). Calculate the greatest common factor of 84 and l.
12
Let m be ((-294)/(-15))/7*5. Calculate the greatest common factor of 2 and m.
2
Let t be (2 - -64*2) + -1. Let r = t + -87. Calculate the greatest common divisor of 14 and r.
14
Let h(j) = -16 - 3*j**2 + 4*j**2 - 7*j - 9*j + 3*j. Let f be h(15). Calculate the greatest common factor of f and 28.
14
Let g(v) = -3*v**3 - v - 6. Let j be g(3). Let u = j + 128. Calculate the greatest common factor of 38 and u.
38
Suppose 3*v - 85 = 4*j + 103, 4*j = -4*v - 160. Let k = j - -59. Calculate the highest common factor of 45 and k.
15
Let c be -1 - -2*1 - 2. Let k be 11 + (-6 - -4) + -3. Let m be c*1 + 17 + k. What is the greatest common factor of m and 2?
2
Suppose 1 = -3*n - 5*l + 10, 5*n - l - 15 = 0. Suppose -n*o + 57 - 3 = 0. What is the greatest common divisor of 162 and o?
18
Let w = 726 + -659. What is the greatest common factor of w and 737?
67
Let o(u) = 3*u**2. Let y be o(4). Suppose 5*a + 1336 = 471. Let t = a + 293. What is the highest common divisor of t and y?
24
Suppose -28*s = -23*s - 5. Let a be (s - 2)/(-1*(-1)/(-31)). What is the greatest common divisor of 186 and a?
31
Suppose 0 - 6 = -3*g. Let z(w) = 7*w**3 - 4*w**2 + 2*w + 1. Let m be z(g). Suppose -8*k - 10 + 172 = k. What is the highest common factor of k and m?
9
Suppose -474 + 124 = -10*f. Calculate the highest common factor of f and 35.
35
Let a(m) be the second derivative of m**5/10 + m**4/12 + 5*m. Let q be a(-1). Let j be (-144)/q + (9 - 9). Calculate the greatest common divisor of j and 16.
16
Let c = -18 - -20. Suppose -4*h + 120 = -c*h. What is the greatest common factor of h and 24?
12
Let j be (-154)/(-6) - (22/6 - 3). Suppose 3*m + 4*l = -l + 380, -5 = -5*l. What is the greatest common factor of j and m?
25
Let t be 9*(220/15 + -2 + -1). What is the greatest common factor of t and 2415?
105
Let a(p) = -p**3 - 8*p**2 + 5*p - 10. Suppose -7*c + 5*c - 18 = 0. Let w be a(c). Calculate the greatest common factor of 65 and w.
13
Let u(k) be the first derivative of 3*k**2/2 + 3*k - 1. Let r be u(11). Let y = 1 + 23. What is the highest common factor of y and r?
12
Suppose 217*j - 4444 = 213*j. Calculate the greatest common factor of j and 11.
11
Suppose -4*m - 2*v = -45 - 67, 113 = 5*m - 2*v. Let k = 341 - 241. What is the highest common divisor of m and k?
25
Let a = 46828 + -46575. Let j(c) be the third derivative of c**5/30 - c**4/8 - 2*c**3/3 - c**2. Let w be j(-3). What is the greatest common factor of w and a?
23
Suppose 16*o = 22773 - 8005. Calculate the highest common factor of 26 and o.
13
Let h = -290 + 410. Let c(n) = n + 25. Let m be c(9). Suppose 0 = -i - 0*i - 5*p + m, -2*i = p - 50. Calculate the greatest common factor of h and i.
24
Let x be 1*(-1)/3*-15. Let a(c) = 29*c + 23. Let j be a(x). What is the greatest common factor of j and 21?
21
Suppose 0 = 2*d + 4*h - 86, -4*d + 192 = 2*h + h. What is the greatest common divisor of 34 and d?
17
Let c be (38/(-57))/((-1)/3). Let l be (3 + 1/c)*2. Let i = -35 + 70. What is the highest common divisor of l and i?
7
Suppose 4*o = 6*o - l - 508, -251 = -o - l. Suppose -2*v + 35 + o = 0. Let c = -24 + 40. What is the highest common divisor of v and c?
16
Suppose 4*q + 1116 = 4*i, 3*q - 482 = -4*i + 613. Calculate the highest common divisor of i and 48.
12
Suppose 0 = 2*k - 5*n + 72 - 17, 4*k = 5*n - 135. Let m = 43 + k. Calculate the greatest common factor of 33 and m.
3
Let m = 247 + 28. Calculate the greatest common divisor of m and 11.
11
Let c = 78 + -108. Let m be (8/10)/(c/(-975)). What is the greatest common divisor of 130 and m?
26
Let z = -11 + 18. Suppose -5*d - 5 = -5*p, -p + 6*d - 3*d = -5. Let w be 3399/44 + p/4. Calculate the h